 + 3. Give x(-1).
7
Let y(n) be the first derivative of -1/3*n**3 - 4*n + 3 - 7/2*n**2. What is y(-5)?
6
Let u(j) be the third derivative of 7*j**4/24 - 4*j**3/3 + 11*j**2. Let k(t) = -6*t + 7. Let q(z) = 5*k(z) + 4*u(z). Calculate q(-5).
13
Let d(l) be the second derivative of -3*l**2 + 0 + 2*l - 1/12*l**4 - l**3. Let m(q) = q**2 + 4*q - 3. Let k be m(-3). Determine d(k).
-6
Let g(w) = -11*w**2 + 3 + 2 + 16*w**2 + w**3. Calculate g(-5).
5
Let t(c) = -c**3 - 4*c**2 - 5*c - 3. Let d be (-6)/21 - (-44)/7. Let b = d + -4. Let k be (1/b)/(2/(-12)). What is t(k)?
3
Let f(x) = x**3 - 5*x**2 - x + 2. Let i be ((2 - 2)*1)/(-4). Suppose -v = -5 - i. What is f(v)?
-3
Let c(g) = -4*g - 5 + g**2 - 3*g + 10. Suppose 0*s = -3*s + 9, 4*s - 32 = -4*t. Give c(t).
-5
Let y(n) be the second derivative of -n**3/2 - n**2/2 - 12*n. Calculate y(5).
-16
Let j(y) = -y**2 + 4*y + 3. Let m be j(4). Let u(r) be the second derivative of 1/12*r**4 - 1/6*r**3 + 4*r + 0 - 2*r**2. Calculate u(m).
2
Let t(j) be the third derivative of -j**5/60 - j**4/12 - j**3/6 + 34*j**2. What is t(-2)?
-1
Let d = 3 - 0. Suppose 0 = -5*z - d*m - 24, m - 1 = 2*z + 13. Let p(q) = q**3 + 6*q**2 - q + 8. What is p(z)?
14
Let t be ((-70)/15 - -4)*6. Let v(f) = -2*f**2 - 7*f - 4. What is v(t)?
-8
Let n(a) be the second derivative of -a**5/20 + 5*a**4/12 + 4*a**3/3 - 2*a**2 + 11*a. Give n(6).
8
Let t(f) = f**3 + 2*f**2 - f + 2. Let z = 35 + -38. Calculate t(z).
-4
Let q(z) = z**2 - 6*z - 7. Suppose 20 + 0 = 4*t. What is q(t)?
-12
Let w(v) be the second derivative of -v**3/3 - v**2 + 2*v. Give w(-2).
2
Suppose -5*m + 5*b - b = 4, 3*b + 4 = 2*m. Let t(a) = 2*a**2 + 2*a - 2. Calculate t(m).
22
Suppose 0 = 4*h - 12. Let w(p) = -5*p - h + 1 + 4 - p. Calculate w(2).
-10
Let q(z) = 4*z**2 + 3*z + 2. Let l(j) = -5*j**2 + 3*j. Let t(y) = -11*y**2 + 7*y. Let c(o) = 9*l(o) - 4*t(o). Let r(m) = -5*c(m) - q(m). Give r(-4).
6
Let b(t) = t**3 - 8*t**2 - 2*t + 12. Suppose 12*l - 6*l = 48. Calculate b(l).
-4
Let j(v) = -v**2 - 5*v - 2. Let p be -3 + ((-4)/22 - (-8)/44). What is j(p)?
4
Let b = 4 + -5. Let f be ((-1)/(3/9))/b. Let t(w) = 3*w - 4. What is t(f)?
5
Let g(q) be the first derivative of -3*q**2 + 3*q + 1. Let h be 7 + 2/(-4)*6. Suppose -5*o - 29 = -2*u, h*u + 11 = -4*o - 1. Give g(u).
-9
Let v(j) = -3 + 12*j + 8*j - 21*j. Determine v(-3).
0
Suppose -n = -1, -k - 3*n - 10 = -0*k. Let i = -19 - k. Let z(t) = -t - 8. Calculate z(i).
-2
Let c(o) = 2*o - 10. Let x be (-2)/(-2)*3/(-1). Let f(n) = 11*n + 2. Let b(j) = -5*j - 1. Let a(d) = 13*b(d) + 6*f(d). Let w(s) = x*a(s) + c(s). Give w(0).
-7
Let q = 0 - 4. Let i(l) = -3*l**3 - l**2 + 3*l - 1. Let s(x) = 16*x**3 + 4*x**2 - 14*x + 5. Let v = 11 + 0. Let w(u) = v*i(u) + 2*s(u). Calculate w(q).
-5
Let b(q) = -5*q - 1. Let w be 9/6 - 1/2. Suppose -4*l + 2*l - 5 = 5*o, -o = -2*l + w. Calculate b(o).
4
Let x(s) = s**3 - s**2 + s + 2. Let f be (15 + 1)*(-2)/(-4). Let b = f - 6. Give x(b).
8
Let h(c) = -5*c**3 + 13*c**2 + 6*c. Let o(s) = 11*s**3 - 27*s**2 - 12*s. Let m(u) = 13*h(u) + 6*o(u). Let i be (2/4)/((-7)/84). Give m(i).
0
Let y(v) = v**2 + 5*v - 1. Let q(c) = 6*c - 1. Let k(o) = 5*q(o) - 6*y(o). Calculate k(1).
-5
Suppose 4*s + 20 = 48. Suppose -5*a - 3 = s. Let d be (a/(-4))/((-4)/(-40)). Let n(o) = -o + 5. Calculate n(d).
0
Let k(j) = j - 1. Let d be k(6). Let a(w) = w - 6. Give a(d).
-1
Let o(g) = -g**3 - 6*g**2 - 5*g + 4. Suppose 14*m = 20*m + 30. Calculate o(m).
4
Let l(c) = c**3 + 2*c**2 - 4*c + 4. Let x be l(-4). Let q be (6/x)/(2/(-12)). Suppose -q*z = 1 + 2. Let n(u) = -7*u**3 - u - 1. Give n(z).
7
Let l(m) = -6*m**2 - 31*m + 9. Let h = -16 - -27. Let x be 10/2*(-4)/10. Let p(u) = -u**2 - 6*u + 2. Let i(g) = h*p(g) + x*l(g). What is i(3)?
1
Suppose 2*a = 10, o + 4*a = 2*o + 20. Suppose 0*g - 3*g = o. Let i(x) = -x**2 - 4*x. Let t(n) = 2*n**2 + 7*n. Let r(u) = -7*i(u) - 4*t(u). What is r(g)?
0
Let n(g) = g**3 + 5*g**2 - 5*g + 8. Let u = -11 + 13. Let v be ((-6)/8)/(u/16). Determine n(v).
2
Let z(g) = 22*g - 12*g - 1 - 6*g - 14*g. Determine z(-1).
9
Suppose 3*o - r - 18 = 0, -r - 30 = -5*o - 2. Let w(g) = -g**3 - g**2 - g + 2. Let s(b) = -b**3 - 2*b**2 - 2*b + 1. Let y(t) = 5*s(t) - 6*w(t). Calculate y(o).
-2
Let j(w) = 4*w + 1. Let c(x) = -x**3 + 15*x**2 - 15*x + 12. Let k(g) = -14*g**3 + g**2 - 1. Let n be k(-1). Let s be c(n). Calculate j(s).
-7
Let c(z) = 4*z + 5. Suppose 0 = n + 5*s + 14, n - 4 = s - 0*s. Let u(a) = a**2 + a - 1. Let h(m) = n*c(m) + u(m). Give h(-3).
-2
Let i(z) be the first derivative of -5/2*z**2 + 1/4*z**4 - 2/3*z**3 + 2*z - 1. Determine i(3).
-4
Let s(m) = -5*m**2 + 7. Let o(n) = n**2 - 1. Let l(v) = -4*o(v) - s(v). Let f = 17 + -14. Give l(f).
6
Suppose -i + 9 = -0*i. Let l(v) = -13*v**3 + 11*v**2 + 24*v - 20. Let m(d) = 3*d**3 - 3*d**2 - 6*d + 5. Let q(w) = i*m(w) + 2*l(w). Calculate q(6).
5
Let j be 9*-4*(-2)/12. Let a be 2/(2/2) - j. Let f(x) = -x**3 - 4*x**2 + x + 1. Give f(a).
-3
Let x(c) = c. Let r be 6/2*16/12. Give x(r).
4
Let j(l) = 2*l**2 + 3*l - 3. Suppose 0 = -2*w - 1 - 3. Let m be 15 - (w + -1 - -6). Suppose 3 = 3*c + m. Determine j(c).
6
Let f(m) = -1 + 3*m - 3*m - 16*m. Give f(-1).
15
Let h be 2 - (9 + 8/(-2)) - -4. Let c(o) = -10*o + 1. Give c(h).
-9
Let k be ((0 - 1)*-9)/(144/96). Let b(g) = -21*g - 18. Let v(h) = -h - 1. Let n(i) = b(i) - 18*v(i). Let c(a) = -a. Let p(l) = -4*c(l) + n(l). Give p(k).
6
Suppose z + 30 = 33. Let y = -2 - -4. Let k(c) = -y*c - c + c. Calculate k(z).
-6
Let s(p) = -7*p - 9. Let f(z) = z + 1. Let x(q) = 6*f(q) + s(q). Give x(-2).
-1
Suppose 4 = 4*s, -3*j - 2 = -0*j - 2*s. Suppose -3*a + 6 + 3 = j. Let t(l) = l**2 - l**3 + 2*l**3 + 6*l**a + 0*l**3. Give t(-1).
-6
Suppose -t = -i - 3*i, -5*i - t = 0. Let z be i*(3/2 - 1). Let c(h) = h + z*h - 3*h + h**2. Determine c(4).
8
Suppose -6*x - 22 = -17*x. Let r(m) = -m**3 + 2*m**2 - 1. Calculate r(x).
-1
Let l(o) = -12*o**3 + 9*o**3 + 6 - 7*o**2 + 2*o**3 - 5*o. What is l(-6)?
0
Let d(c) be the third derivative of c**9/60480 - c**8/4032 + c**7/1260 - c**6/144 + c**5/60 - 3*c**2. Let m(j) be the third derivative of d(j). Give m(4).
-5
Let r = 23 - 23. Let p(t) = -t - 4. What is p(r)?
-4
Suppose 20 = -0*j - 4*j. Let x(s) = -s**2 - 3*s + 1. Give x(j).
-9
Suppose r - 8 = -r. Suppose r*f - 6 = 2. Let k(j) be the first derivative of 2*j**3/3 - j**2 + j + 1. Calculate k(f).
5
Let g(u) = 25*u**2 + 5 - u**3 + 2*u - 21*u**2 - 4. Give g(4).
9
Let n(j) be the third derivative of 1/8*j**4 + 0*j - 2*j**2 + 0 - j**3. What is n(4)?
6
Let n(u) = -u**2 + 9*u - 9. Let c = -45 - -52. What is n(c)?
5
Suppose -6 = 3*d - 3. Let q(r) = -r**3 - r**2. Let v(b) = -4*b**3 + 4*b**2 - 7*b + 8. Let a(s) = d*v(s) + 3*q(s). Give a(6).
-2
Let v(y) be the first derivative of -2 - 4*y**2 - y**3 + 1/4*y**4 + 4*y. What is v(5)?
14
Let k be 1/(-4*(-1)/16). Let n(y) = y**3 - 5*y**2 + 4*y - 3. Calculate n(k).
-3
Let o(q) be the third derivative of q**4/24 - 7*q**3/6 + q**2. Let z(l) = -l + 9. Suppose -3*f = -2*h + 11, 0*h + 13 = 4*h + 3*f. Let g be z(h). Determine o(g).
-2
Let h(f) = -f + 1. Suppose -23 = -5*o + 2. Let y be h(o). Let c = 6 + y. Let k(r) = 2*r + 2. Give k(c).
6
Suppose 2*u - 14 = 4*v, 4*v + 1 = u + 5*v. Let d(h) = 8*h + 5. Let t(n) = -7*n - 4. Let r(w) = -3*d(w) - 4*t(w). Give r(u).
13
Let x(v) = -v**3 - 10. Suppose -4*y - 3 - 9 = 4*j, 0 = -4*j - 5*y - 15. Calculate x(j).
-10
Suppose -5*d = 17 + 13. Let w(b) = b**3 + 7*b**2 + 6*b + 1. Determine w(d).
1
Let u(d) = d**3 + 5*d**2 + 3. Let q(r) = r**2 + 11*r + 5. Suppose 0*p - 6 = p + b, -4*p = 3*b + 28. Let k be q(p). Calculate u(k).
3
Suppose m + t - 6 = -3, -5*m + 18 = 2*t. Let a be (m/10)/((-1)/(-5)). Let s(h) be the first derivative of -h**4/2 + h**3 - h**2/2 - 1. Calculate s(a).
-6
Let j(k) = 6*k + 8. Let y(v) = -v - 1. Let n(g) = j(g) + 8*y(g). Give n(8).
-16
Let k(j) = 6*j - 6. Let z(q) = -3*q + 3. Let a(y) = -3*y**3 + 4*y**2 - 2*y - 1. Let o be a(2). Let m(c) = o*z(c) - 6*k(c). Calculate m(3).
6
Suppose 0 = -n + 2*n + 10. Let a be -4 - 2*n/4. Let x(h) = -5*h**3 - 2*h**2 + 1. Give x(a).
-6
Let v(q) be the third derivative of q**6/360 - q**5/24 + q**4/6 - q**3/2 + 3*q**2. Let u(w) be the first derivative of v(w). Calculate u(4).
0
Let r(y) = -6. Let s(m) = 5. Let u(f) = -4*r(f) - 5*s(f). Let b(x) = -4*x - 1.